rue
Is 18299 a prime number?
False
Is 99277 a composite number?
False
Is 25087 a prime number?
True
Is 5251 composite?
True
Is 267361 composite?
True
Is 208457 a composite number?
False
Is 96289 prime?
True
Is 36629 prime?
True
Is 586771 a composite number?
True
Is 460865 a prime number?
False
Is 2861 a composite number?
False
Is 70631 a composite number?
True
Is 629 a composite number?
True
Is 248971 prime?
True
Is 6835 prime?
False
Is 264817 a composite number?
True
Is 95451 composite?
True
Is 10211 prime?
True
Is 68245 composite?
True
Is 29489 prime?
False
Is 9127 composite?
False
Is 16771 prime?
False
Is 271 a prime number?
True
Is 1597 a prime number?
True
Is 1583119 a composite number?
True
Is 211007 composite?
False
Is 6805 a prime number?
False
Is 9239 prime?
True
Is 17467 composite?
False
Is 7069 a composite number?
False
Is 1230469 prime?
True
Is 6101 prime?
True
Is 27149 composite?
True
Is 335 prime?
False
Is 105217 composite?
True
Is 138083 a prime number?
False
Is 120307 prime?
False
Is 697783 composite?
True
Is 116437 composite?
False
Is 149 a composite number?
False
Is 1003 prime?
False
Is 65977 a composite number?
True
Is 1284263 a prime number?
True
Is 6803 a composite number?
False
Is 26141 prime?
True
Is 182993 prime?
False
Is 172849 prime?
True
Is 4909 a composite number?
False
Is 1874449 composite?
False
Is 4321 composite?
True
Is 60857 a prime number?
False
Is 8189 a prime number?
False
Is 115631 a composite number?
False
Is 29905 a prime number?
False
Is 68957 composite?
True
Is 318881 a prime number?
True
Is 5227 composite?
False
Is 1745137 a prime number?
True
Is 5729 prime?
False
Is 90767 a composite number?
True
Is 45361 a composite number?
False
Is 60891 a prime number?
False
Is 824359 composite?
True
Is 40927 composite?
False
Is 9649 prime?
True
Is 50989 composite?
False
Is 14143 a composite number?
False
Is 23354 a composite number?
True
Is 5677 composite?
True
Is 13613 a composite number?
False
Is 30451 a prime number?
False
Is 657401 a composite number?
True
Is 1927 composite?
True
Is 3761 a composite number?
False
Is 58447 a prime number?
False
Is 2451227 a composite number?
True
Is 120851 prime?
True
Is 247373 composite?
True
Is 102059 a composite number?
False
Is 216929 a composite number?
True
Is 9923 prime?
True
Is 2839 prime?
False
Is 3511 a prime number?
True
Is 13033 a composite number?
False
Is 189389 composite?
False
Is 794093 composite?
True
Is 565 a composite number?
True
Is 383737 composite?
True
Is 59863 a prime number?
True
Is 125017 prime?
True
Is 815161 a prime number?
False
Is 420017 a composite number?
True
Is 9791 composite?
False
Is 447611 composite?
False
Is 32411 prime?
True
Is 693019 prime?
True
Is 1658 composite?
True
Is 16183 a composite number?
False
Is 28349 a composite number?
False
Is 1346585 composite?
True
Is 5629 a prime number?
False
Is 166823 a composite number?
False
Is 112061 prime?
True
Is 530867 prime?
False
Is 791507 a prime number?
False
Is 54559 composite?
False
Is 496079 prime?
True
Is 6731 prime?
False
Is 1519789 a composite number?
False
Is 4979219 a prime number?
False
Is 327003 prime?
False
Is 5779 composite?
False
Is 46031 prime?
False
Is 135921 prime?
False
Is 239749 composite?
True
Is 623159 prime?
False
Is 114593 composite?
False
Is 66455 a composite number?
True
Is 701511 a composite number?
True
Is 38463 composite?
True
Is 241741 a prime number?
False
Is 1129717 a prime number?
True
Is 153059 composite?
False
Is 73693 a prime number?
True
Is 2755997 prime?
True
Is 72537 a prime number?
False
Is 999133 a composite number?
False
Is 52099 a prime number?
False
Is 37227 composite?
True
Is 8779 a composite number?
False
Is 4713 composite?
True
Is 13523 a prime number?
True
Is 244249 composite?
True
Is 798461 composite?
False
Is 924173 a composite number?
False
Is 2941 prime?
False
Is 10709 composite?
False
Is 297797 a prime number?
True
Is 285379 prime?
False
Is 72161 a prime number?
True
Is 314329 a prime number?
True
Is 1426441 prime?
False
Is 29577 a composite number?
True
Is 109289 composite?
True
Is 18803 composite?
False
Is 535 prime?
False
Is 45481 composite?
False
Is 16301 a prime number?
True
Is 1835819 prime?
True
Is 18773 a prime number?
True
Is 27355 a prime number?
False
Is 319 prime?
False
Is 10559 a composite number?
False
Is 301459 composite?
False
Is 42037 composite?
True
Is 2246169 a composite number?
True
Is 47591 a composite number?
False
Is 54259 a composite number?
True
Is 239443 composite?
True
Is 1649 a prime number?
False
Is 7363 a composite number?
True
Is 47951 composite?
False
Is 22235 a composite number?
True
Is 136193 composite?
False
Is 19267 a composite number?
False
Is 179021 a prime number?
True
Is 38371 prime?
True
Is 783317 a composite number?
False
Is 468337 composite?
True
Is 5455 composite?
True
Is 11777 a composite number?
False
Is 225033 a prime number?
False
Is 141259 composite?
True
Is 1807691 composite?
False
Is 211 prime?
True
Is 14897 a composite number?
False
Is 43997 composite?
False
Is 8663 a composite number?
False
Is 5027 composite?
True
Is 420977 prime?
True
Is 378269 a prime number?
True
Is 76733 a prime number?
True
Is 723901 a prime number?
True
Is 166435 a prime number?
False
Is 2609 prime?
True
Is 9127 a composite number?
False
Is 1171 prime?
True
Is 80767 prime?
False
Is 1217 composite?
False
Is 222473 composite?
True
Is 19859 prime?
False
Is 325987 a composite number?
False
Is 2242441 prime?
True
Is 12941 a prime number?
True
Is 23531 a prime number?
True
Is 56423 a composite number?
True
Is 1657 a composite number?
False
Is 19517 a prime number?
False
Is 227869 composite?
False
Is 572041 composite?
False
Is 4703 prime?
True
Is 374929 a prime number?
True
Is 766163 a prime number?
True
Is 9661 a composite number?
False
Is 32947 composite?
True
Is 230807 a composite number?
False
Is 1320221 a composite number?
True
Is 4989 composite?
True
Is 373613 a composite number?
False
Is 739669 a prime number?
False
Is 62695 prime?
False
Is 15661 composite?
False
Is 11967 a prime number?
False
Is 145594 a prime number?
False
Is 1045999 composite?
True
Is 6163 a composite number?
False
Is 4583 a prime number?
True
Is 2179 composite?
False
Is 190093 a prime number?
True
Is 84685 a composite number?
True
Is 1707 composite?
True
Is 745 a composite number?
True
Is 671011 a prime number?
False
Is 1313 prime?
False
Is 381629 a composite number?
False
Is 2454413 a composite number?
True
Is 133009 a composite number?
True
Is 1171 a composite number?
False
Is 2951 composite?
True
Is 176531 composite?
False
Is 308263 prime?
True
Is 75817 composite?
True
Is 614893 composite?
False
Is 2579 a composite number?
False
Is 78907 a prime number?
False
Is 1392197 prime?
True
Is 15661 prime?
True
Is 417479 a prime number?
True
Is 6659 a composite number?
False
Is 31567 a prime number?
True
Is 26417 a composite number?
False
Is 36199 composite?
True
Is 158293 a composite number?
False
Is 190303 prime?
False
Is 344749 a prime number?
True
Is 307315 prime?
False
Is 516063 composite?
True
Is 103331 composite?
True
Is 22045 prime?
False
Is 135313 composite?
True
Is 75821 prime?
True
Is 346109 a prime number?
False
Is 120803 composite?
True
Is 131101 prime?
True
Is 560815 composite?
True
Is 6589 prime?
False
Is 1201 prime?
True
Is 32203 prime?
True
Is 25617 composite?
True
Is 417277 composite?
True
Is 113 a prime number?
True
Is 236969 prime?
False
Is 34739 prime?
True
Is 2138 a composite number?
True
Is 153199 a prime number?
False
Is 144757 prime?
True
Is 6595 a prime number?
False
Is 967481 a prime number?
True
Is 12323 composite?
False
Is 464171 a prime number?
True
Is 612497 composite?
False
Is 3207 a prime number?
False
Is 4111 prime?
True
Is 234035 a prime number?
False
Is 193073 a composite number?
False
Is 1948249 a composite number?
True
Is 419 a composite number?
False
Is 117319 a composite number?
False
Is 5093 a composite number?
True
Is 1879421 prime?
True
Is 140627 a composite number?
False
Is 3937 a prime number?
False
Is 215669 a prime number?
False
Is 11027 prime?
True
Is 10913 prime?
False
Is 200771 prime?
True
Is 14374 a composite number?
True
Is 1210067 prime?
True
Is 358829 a composite number?
False
Is 992305 prime?
Fa